{"id":266,"date":"2022-03-15T16:05:01","date_gmt":"2022-03-15T15:05:01","guid":{"rendered":"https:\/\/ridice.eu\/?page_id=266"},"modified":"2023-05-02T11:59:11","modified_gmt":"2023-05-02T09:59:11","slug":"generazione-o-raggruppamento-di-dati","status":"publish","type":"page","link":"https:\/\/manualegd.comune.sangiulianoterme.pisa.it\/?page_id=266","title":{"rendered":"Generazione o raggruppamento di dati"},"content":{"rendered":"\n<p>Il documento informatico pu\u00f2 essere formato per effetto della generazione o del raggruppamento, anche automatico, di un insieme di dati o registrazioni secondo una struttura logica predeterminata. <br>Il prodotto finale di tale processo &#8211; il documento informatico &#8211; \u00e8 dunque memorizzato in forma statica nel sistema di gestione documentale.<\/p>\n\n\n\n<p>I dati e le registrazioni trattate nel processo di formazione in questione possono provenire da una o pi\u00f9 banche dati, sia interne alla AOO che appartenenti a soggetti esterni interoperanti.<\/p>\n\n\n\n<p>Le caratteristiche di immodificabilit\u00e0 e di integrit\u00e0 sono garantite da una o pi\u00f9 delle seguenti operazioni:<\/p>\n\n\n\n<ul class=\"wp-block-list\">\n<li>apposizione di una firma elettronica qualificata, di una firma digitale o di un sigillo elettronico qualificato o firma elettronica avanzata<\/li>\n\n\n\n<li>registrazione nei log di sistema dell\u2019esito dell\u2019operazione di formazione del documento informatico, compresa l\u2019applicazione di misure per la protezione dell\u2019integrit\u00e0 delle basi di dati e per la produzione e conservazione dei log di sistema<\/li>\n\n\n\n<li>produzione di una estrazione statica dei dati e il trasferimento della stessa nel sistema di conservazione.<\/li>\n<\/ul>\n\n\n\n<p>I registri e repertori tenuti dalla AOO, compreso il <a href=\"https:\/\/manualegd.comune.sangiulianoterme.pisa.it\/?page_id=689\" data-type=\"URL\" target=\"_blank\" rel=\"noreferrer noopener\">registro giornaliero di protocollo<\/a>, essendo a loro volta il risultato di un processo di raggruppamento di registrazioni, sono essi stessi dei documenti informatici.<\/p>\n\n\n\n<p><\/p>\n","protected":false},"excerpt":{"rendered":"<p>Il documento informatico pu\u00f2 essere formato per effetto della generazione o del raggruppamento, anche automatico, di un insieme di dati o registrazioni secondo una struttura &#8230; <\/p>\n","protected":false},"author":1,"featured_media":0,"parent":239,"menu_order":15,"comment_status":"closed","ping_status":"closed","template":"page-fullwidth.php","meta":{"footnotes":""},"class_list":["post-266","page","type-page","status-publish","hentry"],"_links":{"self":[{"href":"https:\/\/manualegd.comune.sangiulianoterme.pisa.it\/index.php?rest_route=\/wp\/v2\/pages\/266","targetHints":{"allow":["GET"]}}],"collection":[{"href":"https:\/\/manualegd.comune.sangiulianoterme.pisa.it\/index.php?rest_route=\/wp\/v2\/pages"}],"about":[{"href":"https:\/\/manualegd.comune.sangiulianoterme.pisa.it\/index.php?rest_route=\/wp\/v2\/types\/page"}],"author":[{"embeddable":true,"href":"https:\/\/manualegd.comune.sangiulianoterme.pisa.it\/index.php?rest_route=\/wp\/v2\/users\/1"}],"replies":[{"embeddable":true,"href":"https:\/\/manualegd.comune.sangiulianoterme.pisa.it\/index.php?rest_route=%2Fwp%2Fv2%2Fcomments&post=266"}],"version-history":[{"count":0,"href":"https:\/\/manualegd.comune.sangiulianoterme.pisa.it\/index.php?rest_route=\/wp\/v2\/pages\/266\/revisions"}],"up":[{"embeddable":true,"href":"https:\/\/manualegd.comune.sangiulianoterme.pisa.it\/index.php?rest_route=\/wp\/v2\/pages\/239"}],"wp:attachment":[{"href":"https:\/\/manualegd.comune.sangiulianoterme.pisa.it\/index.php?rest_route=%2Fwp%2Fv2%2Fmedia&parent=266"}],"curies":[{"name":"wp","href":"https:\/\/api.w.org\/{rel}","templated":true}]}}