{"id":1662,"date":"2022-06-22T09:23:43","date_gmt":"2022-06-22T07:23:43","guid":{"rendered":"https:\/\/ridice.eu\/?page_id=1662"},"modified":"2023-05-02T12:05:42","modified_gmt":"2023-05-02T10:05:42","slug":"configurazione-acrobat-reader","status":"publish","type":"page","link":"https:\/\/manualegd.comune.sangiulianoterme.pisa.it\/?page_id=1662","title":{"rendered":"Configurazione Acrobat Reader"},"content":{"rendered":"\n<p>Il software Acrobat Reader DC \u00e8 uno standard gratuito utile per visualizzare e firmare in formato PAdES i file PDF. \u00c8 l\u2019unico visualizzatore PDF in grado di aprire e interagire con tutti i tipi di contenuti PDF, compresi moduli e contenuti multimediali.&nbsp;<\/p>\n\n\n\n<p>Questa guida illustra come configuare il programma Acrobat Reader in modo da utilizzare il programma per la firma PAdES dei documenti PDF, senza dover ricorrere a programmi esterni.<\/p>\n\n\n\n<div style=\"height:20px\" aria-hidden=\"true\" class=\"wp-block-spacer\"><\/div>\n\n\n\n<div class=\"wp-block-media-text alignwide has-media-on-the-right is-stacked-on-mobile\" style=\"grid-template-columns:auto 72%\"><div class=\"wp-block-media-text__content\">\n<p>Quale primo passo, aprire <strong>Acrobat Reader<\/strong><\/p>\n<\/div><figure class=\"wp-block-media-text__media\"><img loading=\"lazy\" decoding=\"async\" width=\"1024\" height=\"787\" src=\"https:\/\/ridice.eu\/wp-content\/uploads\/2022\/06\/1-1024x787.jpg\" alt=\"\" class=\"wp-image-1667 size-full\" srcset=\"https:\/\/manualegd.comune.sangiulianoterme.pisa.it\/wp-content\/uploads\/2022\/06\/1-1024x787.jpg 1024w, https:\/\/manualegd.comune.sangiulianoterme.pisa.it\/wp-content\/uploads\/2022\/06\/1-300x231.jpg 300w, https:\/\/manualegd.comune.sangiulianoterme.pisa.it\/wp-content\/uploads\/2022\/06\/1-768x590.jpg 768w, https:\/\/manualegd.comune.sangiulianoterme.pisa.it\/wp-content\/uploads\/2022\/06\/1.jpg 1280w\" sizes=\"auto, (max-width: 1024px) 100vw, 1024px\" \/><\/figure><\/div>\n\n\n\n<div class=\"wp-block-media-text alignwide has-media-on-the-right is-stacked-on-mobile\" style=\"grid-template-columns:auto 72%\"><div class=\"wp-block-media-text__content\">\n<p class=\"has-normal-font-size\">dal men\u00f9 <strong>Modifica<\/strong> selezionare <strong>Preferenze<\/strong><\/p>\n<\/div><figure class=\"wp-block-media-text__media\"><img loading=\"lazy\" decoding=\"async\" width=\"1024\" height=\"763\" src=\"https:\/\/ridice.eu\/wp-content\/uploads\/2022\/06\/2-1024x763.png\" alt=\"\" class=\"wp-image-1670 size-full\" srcset=\"https:\/\/manualegd.comune.sangiulianoterme.pisa.it\/wp-content\/uploads\/2022\/06\/2-1024x763.png 1024w, https:\/\/manualegd.comune.sangiulianoterme.pisa.it\/wp-content\/uploads\/2022\/06\/2-300x224.png 300w, https:\/\/manualegd.comune.sangiulianoterme.pisa.it\/wp-content\/uploads\/2022\/06\/2-768x572.png 768w, https:\/\/manualegd.comune.sangiulianoterme.pisa.it\/wp-content\/uploads\/2022\/06\/2.png 1267w\" sizes=\"auto, (max-width: 1024px) 100vw, 1024px\" \/><\/figure><\/div>\n\n\n\n<div class=\"wp-block-media-text alignwide has-media-on-the-right is-stacked-on-mobile\" style=\"grid-template-columns:auto 70%\"><div class=\"wp-block-media-text__content\">\n<p>dal men\u00f9 a sinistra, selezionare <strong>Protezione (avanzata)<\/strong> e assicurarsi che le opzioni <strong>Attiva modalit\u00e0 protetta all\u2019avvio<\/strong> e <strong>Abilita protezione avanzata<\/strong> NON siano spuntate<\/p>\n<\/div><figure class=\"wp-block-media-text__media\"><img loading=\"lazy\" decoding=\"async\" width=\"1024\" height=\"750\" src=\"https:\/\/ridice.eu\/wp-content\/uploads\/2022\/06\/3-1024x750.png\" alt=\"\" class=\"wp-image-1671 size-full\" srcset=\"https:\/\/manualegd.comune.sangiulianoterme.pisa.it\/wp-content\/uploads\/2022\/06\/3-1024x750.png 1024w, https:\/\/manualegd.comune.sangiulianoterme.pisa.it\/wp-content\/uploads\/2022\/06\/3-300x220.png 300w, https:\/\/manualegd.comune.sangiulianoterme.pisa.it\/wp-content\/uploads\/2022\/06\/3-768x562.png 768w, https:\/\/manualegd.comune.sangiulianoterme.pisa.it\/wp-content\/uploads\/2022\/06\/3.png 1288w\" sizes=\"auto, (max-width: 1024px) 100vw, 1024px\" \/><\/figure><\/div>\n\n\n\n<div class=\"wp-block-media-text alignwide has-media-on-the-right is-stacked-on-mobile\" style=\"grid-template-columns:auto 68%\"><div class=\"wp-block-media-text__content\">\n<p class=\"has-normal-font-size\">dal men\u00f9 a sinistra, selezionare <strong>Firme<\/strong> e successivamente il bottone <strong>Altre <\/strong>nella sezione <strong>Identit\u00e0 e certificati affidabili<\/strong><\/p>\n<\/div><figure class=\"wp-block-media-text__media\"><img loading=\"lazy\" decoding=\"async\" width=\"1024\" height=\"705\" src=\"https:\/\/ridice.eu\/wp-content\/uploads\/2022\/06\/4-1024x705.png\" alt=\"\" class=\"wp-image-1672 size-full\" srcset=\"https:\/\/manualegd.comune.sangiulianoterme.pisa.it\/wp-content\/uploads\/2022\/06\/4-1024x705.png 1024w, https:\/\/manualegd.comune.sangiulianoterme.pisa.it\/wp-content\/uploads\/2022\/06\/4-300x207.png 300w, https:\/\/manualegd.comune.sangiulianoterme.pisa.it\/wp-content\/uploads\/2022\/06\/4-768x529.png 768w, https:\/\/manualegd.comune.sangiulianoterme.pisa.it\/wp-content\/uploads\/2022\/06\/4.png 1288w\" sizes=\"auto, (max-width: 1024px) 100vw, 1024px\" \/><\/figure><\/div>\n\n\n\n<div class=\"wp-block-media-text alignwide has-media-on-the-right is-stacked-on-mobile\" style=\"grid-template-columns:auto 66%\"><div class=\"wp-block-media-text__content\">\n<p class=\"has-normal-font-size\">una volta inserita la propria <em>smart card <\/em>nel lettore, dal men\u00f9 a sinistra della nuova finestra selezionare <strong>Moduli e token PKC#11<\/strong><\/p>\n<\/div><figure class=\"wp-block-media-text__media\"><img loading=\"lazy\" decoding=\"async\" width=\"1024\" height=\"724\" src=\"https:\/\/ridice.eu\/wp-content\/uploads\/2022\/06\/5-1024x724.png\" alt=\"\" class=\"wp-image-1675 size-full\" srcset=\"https:\/\/manualegd.comune.sangiulianoterme.pisa.it\/wp-content\/uploads\/2022\/06\/5-1024x724.png 1024w, https:\/\/manualegd.comune.sangiulianoterme.pisa.it\/wp-content\/uploads\/2022\/06\/5-300x212.png 300w, https:\/\/manualegd.comune.sangiulianoterme.pisa.it\/wp-content\/uploads\/2022\/06\/5-768x543.png 768w, https:\/\/manualegd.comune.sangiulianoterme.pisa.it\/wp-content\/uploads\/2022\/06\/5.png 1295w\" sizes=\"auto, (max-width: 1024px) 100vw, 1024px\" \/><\/figure><\/div>\n\n\n\n<div class=\"wp-block-media-text alignwide has-media-on-the-right is-stacked-on-mobile\" style=\"grid-template-columns:auto 65%\"><div class=\"wp-block-media-text__content\">\n<p class=\"has-normal-font-size\">selezionare la scheda <strong>Aggiungi modulo<\/strong><\/p>\n<\/div><figure class=\"wp-block-media-text__media\"><img loading=\"lazy\" decoding=\"async\" width=\"1024\" height=\"721\" src=\"https:\/\/ridice.eu\/wp-content\/uploads\/2022\/06\/6-1024x721.png\" alt=\"\" class=\"wp-image-1678 size-full\" srcset=\"https:\/\/manualegd.comune.sangiulianoterme.pisa.it\/wp-content\/uploads\/2022\/06\/6-1024x721.png 1024w, https:\/\/manualegd.comune.sangiulianoterme.pisa.it\/wp-content\/uploads\/2022\/06\/6-300x211.png 300w, https:\/\/manualegd.comune.sangiulianoterme.pisa.it\/wp-content\/uploads\/2022\/06\/6-768x541.png 768w, https:\/\/manualegd.comune.sangiulianoterme.pisa.it\/wp-content\/uploads\/2022\/06\/6.png 1260w\" sizes=\"auto, (max-width: 1024px) 100vw, 1024px\" \/><\/figure><\/div>\n\n\n\n<div class=\"wp-block-media-text alignwide has-media-on-the-right is-stacked-on-mobile\" style=\"grid-template-columns:auto 65%\"><div class=\"wp-block-media-text__content\">\n<p class=\"has-normal-font-size\">nella finestra di navigazione, seguire il percorso indicato in alto fino a raggiungere la cartella <strong>System32<\/strong>, qui selezionare il file <strong>bit4xpki.dll<\/strong> e cliccare sul bottone <strong>Apri<\/strong><\/p>\n<\/div><figure class=\"wp-block-media-text__media\"><img loading=\"lazy\" decoding=\"async\" width=\"1024\" height=\"741\" src=\"https:\/\/ridice.eu\/wp-content\/uploads\/2022\/06\/7-1024x741.png\" alt=\"\" class=\"wp-image-1679 size-full\" srcset=\"https:\/\/manualegd.comune.sangiulianoterme.pisa.it\/wp-content\/uploads\/2022\/06\/7-1024x741.png 1024w, https:\/\/manualegd.comune.sangiulianoterme.pisa.it\/wp-content\/uploads\/2022\/06\/7-300x217.png 300w, https:\/\/manualegd.comune.sangiulianoterme.pisa.it\/wp-content\/uploads\/2022\/06\/7-768x556.png 768w, https:\/\/manualegd.comune.sangiulianoterme.pisa.it\/wp-content\/uploads\/2022\/06\/7.png 1274w\" sizes=\"auto, (max-width: 1024px) 100vw, 1024px\" \/><\/figure><\/div>\n\n\n\n<div class=\"wp-block-media-text alignwide has-media-on-the-right is-stacked-on-mobile\" style=\"grid-template-columns:auto 65%\"><div class=\"wp-block-media-text__content\">\n<p class=\"has-normal-font-size\">a questo punto il certificato \u00e8 correttamente installato e la finestra pu\u00f2 essere chiusa dalla <strong>X<\/strong> in alto a destra<\/p>\n<\/div><figure class=\"wp-block-media-text__media\"><img loading=\"lazy\" decoding=\"async\" width=\"1024\" height=\"736\" src=\"https:\/\/ridice.eu\/wp-content\/uploads\/2022\/06\/8-1024x736.png\" alt=\"\" class=\"wp-image-1680 size-full\" srcset=\"https:\/\/manualegd.comune.sangiulianoterme.pisa.it\/wp-content\/uploads\/2022\/06\/8-1024x736.png 1024w, https:\/\/manualegd.comune.sangiulianoterme.pisa.it\/wp-content\/uploads\/2022\/06\/8-300x216.png 300w, https:\/\/manualegd.comune.sangiulianoterme.pisa.it\/wp-content\/uploads\/2022\/06\/8-768x552.png 768w, https:\/\/manualegd.comune.sangiulianoterme.pisa.it\/wp-content\/uploads\/2022\/06\/8.png 1253w\" sizes=\"auto, (max-width: 1024px) 100vw, 1024px\" \/><\/figure><\/div>\n\n\n\n<div class=\"wp-block-media-text alignwide has-media-on-the-right is-stacked-on-mobile\" style=\"grid-template-columns:auto 65%\"><div class=\"wp-block-media-text__content\">\n<p class=\"has-normal-font-size\">selezionare la voce <strong>Creazione e aspetto<\/strong><\/p>\n<\/div><figure class=\"wp-block-media-text__media\"><img loading=\"lazy\" decoding=\"async\" width=\"1024\" height=\"752\" src=\"https:\/\/ridice.eu\/wp-content\/uploads\/2022\/06\/9-1024x752.png\" alt=\"\" class=\"wp-image-1681 size-full\" srcset=\"https:\/\/manualegd.comune.sangiulianoterme.pisa.it\/wp-content\/uploads\/2022\/06\/9-1024x752.png 1024w, https:\/\/manualegd.comune.sangiulianoterme.pisa.it\/wp-content\/uploads\/2022\/06\/9-300x220.png 300w, https:\/\/manualegd.comune.sangiulianoterme.pisa.it\/wp-content\/uploads\/2022\/06\/9-768x564.png 768w, https:\/\/manualegd.comune.sangiulianoterme.pisa.it\/wp-content\/uploads\/2022\/06\/9.png 1274w\" sizes=\"auto, (max-width: 1024px) 100vw, 1024px\" \/><\/figure><\/div>\n\n\n\n<div class=\"wp-block-media-text alignwide has-media-on-the-right is-stacked-on-mobile\" style=\"grid-template-columns:auto 65%\"><div class=\"wp-block-media-text__content\">\n<p class=\"has-normal-font-size\">alla voce <strong>Formato di firma predefinita<\/strong>, selezionare <strong>Equivalente in CAdES<\/strong> e cliccare su <strong>OK<\/strong><\/p>\n\n\n\n<p>La configurazione \u00e8 terminata.<br>Il passaggio successivo \u00e8 dedicato alla personalizzazione delle modalit\u00e0 di firma<\/p>\n<\/div><figure class=\"wp-block-media-text__media\"><img loading=\"lazy\" decoding=\"async\" width=\"1024\" height=\"745\" src=\"https:\/\/ridice.eu\/wp-content\/uploads\/2022\/06\/10-1-1024x745.png\" alt=\"\" class=\"wp-image-1683 size-full\" srcset=\"https:\/\/manualegd.comune.sangiulianoterme.pisa.it\/wp-content\/uploads\/2022\/06\/10-1-1024x745.png 1024w, https:\/\/manualegd.comune.sangiulianoterme.pisa.it\/wp-content\/uploads\/2022\/06\/10-1-300x218.png 300w, https:\/\/manualegd.comune.sangiulianoterme.pisa.it\/wp-content\/uploads\/2022\/06\/10-1-768x559.png 768w, https:\/\/manualegd.comune.sangiulianoterme.pisa.it\/wp-content\/uploads\/2022\/06\/10-1.png 1267w\" sizes=\"auto, (max-width: 1024px) 100vw, 1024px\" \/><\/figure><\/div>\n\n\n\n<div class=\"wp-block-media-text alignwide has-media-on-the-right is-stacked-on-mobile\" style=\"grid-template-columns:auto 65%\"><div class=\"wp-block-media-text__content\">\n<p class=\"has-normal-font-size\">dalla stessa maschera di cui al punto precedente \u00e8 possibile accedere alla personalizzazione dell&#8217;aspetto della firma<\/p>\n\n\n\n<p>Nel riquadro <strong>Aspetti<\/strong>, selezionare il tasto <strong>Nuovo&#8230;<\/strong><\/p>\n<\/div><figure class=\"wp-block-media-text__media\"><img loading=\"lazy\" decoding=\"async\" width=\"1024\" height=\"758\" src=\"https:\/\/ridice.eu\/wp-content\/uploads\/2022\/06\/11-1024x758.png\" alt=\"\" class=\"wp-image-1684 size-full\" srcset=\"https:\/\/manualegd.comune.sangiulianoterme.pisa.it\/wp-content\/uploads\/2022\/06\/11-1024x758.png 1024w, https:\/\/manualegd.comune.sangiulianoterme.pisa.it\/wp-content\/uploads\/2022\/06\/11-300x222.png 300w, https:\/\/manualegd.comune.sangiulianoterme.pisa.it\/wp-content\/uploads\/2022\/06\/11-768x568.png 768w, https:\/\/manualegd.comune.sangiulianoterme.pisa.it\/wp-content\/uploads\/2022\/06\/11.png 1274w\" sizes=\"auto, (max-width: 1024px) 100vw, 1024px\" \/><\/figure><\/div>\n\n\n\n<div class=\"wp-block-media-text alignwide has-media-on-the-right is-stacked-on-mobile\" style=\"grid-template-columns:auto 64%\"><div class=\"wp-block-media-text__content\">\n<p class=\"has-normal-font-size\">alla voce <strong>Configura grafica<\/strong> \u00e8 possibile impostare la grafica che verr\u00e0 apposta sul documento firmato<\/p>\n\n\n\n<p>Possono essere salvate pi\u00f9 configurazioni e denominate (<strong>Titolo<\/strong>), in modo da essere richiamate facilmente al momento dell&#8217;utilizzo<\/p>\n<\/div><figure class=\"wp-block-media-text__media\"><img loading=\"lazy\" decoding=\"async\" width=\"1024\" height=\"754\" src=\"https:\/\/ridice.eu\/wp-content\/uploads\/2022\/06\/12-1024x754.png\" alt=\"\" class=\"wp-image-1688 size-full\" srcset=\"https:\/\/manualegd.comune.sangiulianoterme.pisa.it\/wp-content\/uploads\/2022\/06\/12-1024x754.png 1024w, https:\/\/manualegd.comune.sangiulianoterme.pisa.it\/wp-content\/uploads\/2022\/06\/12-300x221.png 300w, https:\/\/manualegd.comune.sangiulianoterme.pisa.it\/wp-content\/uploads\/2022\/06\/12-768x565.png 768w, https:\/\/manualegd.comune.sangiulianoterme.pisa.it\/wp-content\/uploads\/2022\/06\/12.png 1281w\" sizes=\"auto, (max-width: 1024px) 100vw, 1024px\" \/><\/figure><\/div>\n\n\n\n<div style=\"height:40px\" aria-hidden=\"true\" class=\"wp-block-spacer\"><\/div>\n\n\n\n<h1 class=\"wp-block-heading\">Procedimento di firma con Acrobat Reader<\/h1>\n\n\n\n<div style=\"height:20px\" aria-hidden=\"true\" class=\"wp-block-spacer\"><\/div>\n\n\n\n<div class=\"wp-block-media-text alignwide has-media-on-the-right is-stacked-on-mobile\" style=\"grid-template-columns:auto 65%\"><div class=\"wp-block-media-text__content\">\n<p class=\"has-normal-font-size\">Una volta aperto in Acrobat Reader il file PDF da sottoscrivere, selezionare la scheda <strong>Strumenti<\/strong><\/p>\n<\/div><figure class=\"wp-block-media-text__media\"><img loading=\"lazy\" decoding=\"async\" width=\"1024\" height=\"773\" src=\"https:\/\/ridice.eu\/wp-content\/uploads\/2022\/06\/a-1024x773.png\" alt=\"\" class=\"wp-image-1689 size-full\" srcset=\"https:\/\/manualegd.comune.sangiulianoterme.pisa.it\/wp-content\/uploads\/2022\/06\/a-1024x773.png 1024w, https:\/\/manualegd.comune.sangiulianoterme.pisa.it\/wp-content\/uploads\/2022\/06\/a-300x227.png 300w, https:\/\/manualegd.comune.sangiulianoterme.pisa.it\/wp-content\/uploads\/2022\/06\/a-768x580.png 768w, https:\/\/manualegd.comune.sangiulianoterme.pisa.it\/wp-content\/uploads\/2022\/06\/a.png 1267w\" sizes=\"auto, (max-width: 1024px) 100vw, 1024px\" \/><\/figure><\/div>\n\n\n\n<div class=\"wp-block-media-text alignwide has-media-on-the-right is-stacked-on-mobile\" style=\"grid-template-columns:auto 65%\"><div class=\"wp-block-media-text__content\">\n<p class=\"has-normal-font-size\">dalla scheda <strong>Strumenti<\/strong>, cliccare sul tasto <strong>Apri<\/strong> della voce <strong>Certificati<\/strong><\/p>\n<\/div><figure class=\"wp-block-media-text__media\"><img loading=\"lazy\" decoding=\"async\" width=\"1024\" height=\"786\" src=\"https:\/\/ridice.eu\/wp-content\/uploads\/2022\/06\/b-1024x786.png\" alt=\"\" class=\"wp-image-1692 size-full\" srcset=\"https:\/\/manualegd.comune.sangiulianoterme.pisa.it\/wp-content\/uploads\/2022\/06\/b-1024x786.png 1024w, https:\/\/manualegd.comune.sangiulianoterme.pisa.it\/wp-content\/uploads\/2022\/06\/b-300x230.png 300w, https:\/\/manualegd.comune.sangiulianoterme.pisa.it\/wp-content\/uploads\/2022\/06\/b-768x590.png 768w, https:\/\/manualegd.comune.sangiulianoterme.pisa.it\/wp-content\/uploads\/2022\/06\/b.png 1274w\" sizes=\"auto, (max-width: 1024px) 100vw, 1024px\" \/><\/figure><\/div>\n\n\n\n<div class=\"wp-block-media-text alignwide has-media-on-the-right is-stacked-on-mobile\" style=\"grid-template-columns:auto 66%\"><div class=\"wp-block-media-text__content\">\n<p class=\"has-normal-font-size\">sulla barra superiore, selezionare<strong> Firma digitalmente<\/strong><\/p>\n\n\n\n<p>Un messaggio illustrer\u00e0 come procedere al fine di individuare l&#8217;area dove posizionare la firma <\/p>\n<\/div><figure class=\"wp-block-media-text__media\"><img loading=\"lazy\" decoding=\"async\" width=\"1024\" height=\"775\" src=\"https:\/\/ridice.eu\/wp-content\/uploads\/2022\/06\/c-1024x775.png\" alt=\"\" class=\"wp-image-1693 size-full\" srcset=\"https:\/\/manualegd.comune.sangiulianoterme.pisa.it\/wp-content\/uploads\/2022\/06\/c-1024x775.png 1024w, https:\/\/manualegd.comune.sangiulianoterme.pisa.it\/wp-content\/uploads\/2022\/06\/c-300x227.png 300w, https:\/\/manualegd.comune.sangiulianoterme.pisa.it\/wp-content\/uploads\/2022\/06\/c-768x581.png 768w, https:\/\/manualegd.comune.sangiulianoterme.pisa.it\/wp-content\/uploads\/2022\/06\/c.png 1274w\" sizes=\"auto, (max-width: 1024px) 100vw, 1024px\" \/><\/figure><\/div>\n\n\n\n<div class=\"wp-block-media-text alignwide has-media-on-the-right is-stacked-on-mobile\" style=\"grid-template-columns:auto 65%\"><div class=\"wp-block-media-text__content\">\n<p class=\"has-normal-font-size\">..una volta individuata l&#8217;area per la firma, il software propone il certificato appositamente installato<\/p>\n\n\n\n<p>Selezionando il tasto <strong>Continua<\/strong>&#8230;<\/p>\n<\/div><figure class=\"wp-block-media-text__media\"><img loading=\"lazy\" decoding=\"async\" width=\"1024\" height=\"786\" src=\"https:\/\/ridice.eu\/wp-content\/uploads\/2022\/06\/d-1024x786.png\" alt=\"\" class=\"wp-image-1694 size-full\" srcset=\"https:\/\/manualegd.comune.sangiulianoterme.pisa.it\/wp-content\/uploads\/2022\/06\/d-1024x786.png 1024w, https:\/\/manualegd.comune.sangiulianoterme.pisa.it\/wp-content\/uploads\/2022\/06\/d-300x230.png 300w, https:\/\/manualegd.comune.sangiulianoterme.pisa.it\/wp-content\/uploads\/2022\/06\/d-768x590.png 768w, https:\/\/manualegd.comune.sangiulianoterme.pisa.it\/wp-content\/uploads\/2022\/06\/d.png 1274w\" sizes=\"auto, (max-width: 1024px) 100vw, 1024px\" \/><\/figure><\/div>\n\n\n\n<div class=\"wp-block-media-text alignwide has-media-on-the-right is-stacked-on-mobile\" style=\"grid-template-columns:auto 65%\"><div class=\"wp-block-media-text__content\">\n<p class=\"has-normal-font-size\">&#8230;il software propone l&#8217;anteprima della firma, secondo l&#8217;aspetto precedentemente impostato<\/p>\n\n\n\n<p class=\"has-normal-font-size\">Una volta selezionato l&#8217;aspetto preferito, selezionare il tasto <strong>Firma<\/strong> <\/p>\n<\/div><figure class=\"wp-block-media-text__media\"><img loading=\"lazy\" decoding=\"async\" width=\"1024\" height=\"786\" src=\"https:\/\/ridice.eu\/wp-content\/uploads\/2022\/06\/e-2-1024x786.png\" alt=\"\" class=\"wp-image-1699 size-full\" srcset=\"https:\/\/manualegd.comune.sangiulianoterme.pisa.it\/wp-content\/uploads\/2022\/06\/e-2-1024x786.png 1024w, https:\/\/manualegd.comune.sangiulianoterme.pisa.it\/wp-content\/uploads\/2022\/06\/e-2-300x230.png 300w, https:\/\/manualegd.comune.sangiulianoterme.pisa.it\/wp-content\/uploads\/2022\/06\/e-2-768x590.png 768w, https:\/\/manualegd.comune.sangiulianoterme.pisa.it\/wp-content\/uploads\/2022\/06\/e-2.png 1274w\" sizes=\"auto, (max-width: 1024px) 100vw, 1024px\" \/><\/figure><\/div>\n\n\n\n<div class=\"wp-block-media-text alignwide has-media-on-the-right is-stacked-on-mobile\" style=\"grid-template-columns:auto 65%\"><div class=\"wp-block-media-text__content\">\n<p class=\"has-normal-font-size\">il software propone il percorso di salvataggio ed il nome del file firmato, che possono comunque essere modificati<\/p>\n\n\n\n<p>Si noti che l&#8217;estensione del PDF del file non viene modificata<\/p>\n\n\n\n<p>Conclusa questa operazione, cliccare sul tasto <strong>Salva<\/strong><\/p>\n<\/div><figure class=\"wp-block-media-text__media\"><img loading=\"lazy\" decoding=\"async\" width=\"1024\" height=\"786\" src=\"https:\/\/ridice.eu\/wp-content\/uploads\/2022\/06\/f-1024x786.png\" alt=\"\" class=\"wp-image-1700 size-full\" srcset=\"https:\/\/manualegd.comune.sangiulianoterme.pisa.it\/wp-content\/uploads\/2022\/06\/f-1024x786.png 1024w, https:\/\/manualegd.comune.sangiulianoterme.pisa.it\/wp-content\/uploads\/2022\/06\/f-300x230.png 300w, https:\/\/manualegd.comune.sangiulianoterme.pisa.it\/wp-content\/uploads\/2022\/06\/f-768x590.png 768w, https:\/\/manualegd.comune.sangiulianoterme.pisa.it\/wp-content\/uploads\/2022\/06\/f.png 1274w\" sizes=\"auto, (max-width: 1024px) 100vw, 1024px\" \/><\/figure><\/div>\n\n\n\n<div class=\"wp-block-media-text alignwide has-media-on-the-right is-stacked-on-mobile\" style=\"grid-template-columns:auto 65%\"><div class=\"wp-block-media-text__content\">\n<p class=\"has-normal-font-size\">a questo punto il software richiede l&#8217;immissione del <strong>PIN<\/strong><\/p>\n<\/div><figure class=\"wp-block-media-text__media\"><img loading=\"lazy\" decoding=\"async\" width=\"1024\" height=\"790\" src=\"https:\/\/ridice.eu\/wp-content\/uploads\/2022\/06\/g-1024x790.png\" alt=\"\" class=\"wp-image-1701 size-full\" srcset=\"https:\/\/manualegd.comune.sangiulianoterme.pisa.it\/wp-content\/uploads\/2022\/06\/g-1024x790.png 1024w, https:\/\/manualegd.comune.sangiulianoterme.pisa.it\/wp-content\/uploads\/2022\/06\/g-300x232.png 300w, https:\/\/manualegd.comune.sangiulianoterme.pisa.it\/wp-content\/uploads\/2022\/06\/g-768x593.png 768w, https:\/\/manualegd.comune.sangiulianoterme.pisa.it\/wp-content\/uploads\/2022\/06\/g.png 1267w\" sizes=\"auto, (max-width: 1024px) 100vw, 1024px\" \/><\/figure><\/div>\n\n\n\n<div class=\"wp-block-media-text alignwide has-media-on-the-right is-stacked-on-mobile\" style=\"grid-template-columns:auto 63%\"><div class=\"wp-block-media-text__content\">\n<p class=\"has-normal-font-size\">il file firmato riporta la stampa dei dati del firmatario, l&#8217;ora e la data di apposizione della firma<\/p>\n\n\n\n<p>Si precisa che il riferimento alla data ed all&#8217;ora della sottoscrizione non \u00e8 opponibile ai terzi. Si rimanda, a questo proposito, alla pagina dedicata alla <a href=\"https:\/\/manualegd.comune.sangiulianoterme.pisa.it\/?page_id=1658\" data-type=\"URL\" target=\"_blank\" rel=\"noreferrer noopener\">validazione temporale<\/a><\/p>\n<\/div><figure class=\"wp-block-media-text__media\"><img loading=\"lazy\" decoding=\"async\" width=\"1024\" height=\"790\" src=\"https:\/\/ridice.eu\/wp-content\/uploads\/2022\/06\/h-1024x790.png\" alt=\"\" class=\"wp-image-1702 size-full\" srcset=\"https:\/\/manualegd.comune.sangiulianoterme.pisa.it\/wp-content\/uploads\/2022\/06\/h-1024x790.png 1024w, https:\/\/manualegd.comune.sangiulianoterme.pisa.it\/wp-content\/uploads\/2022\/06\/h-300x232.png 300w, https:\/\/manualegd.comune.sangiulianoterme.pisa.it\/wp-content\/uploads\/2022\/06\/h-768x593.png 768w, https:\/\/manualegd.comune.sangiulianoterme.pisa.it\/wp-content\/uploads\/2022\/06\/h.png 1267w\" sizes=\"auto, (max-width: 1024px) 100vw, 1024px\" \/><\/figure><\/div>\n","protected":false},"excerpt":{"rendered":"<p>Il software Acrobat Reader DC \u00e8 uno standard gratuito utile per visualizzare e firmare in formato PAdES i file PDF. \u00c8 l\u2019unico visualizzatore PDF in &#8230; <\/p>\n","protected":false},"author":1,"featured_media":0,"parent":375,"menu_order":19,"comment_status":"closed","ping_status":"closed","template":"page-fullwidth.php","meta":{"footnotes":""},"class_list":["post-1662","page","type-page","status-publish","hentry"],"_links":{"self":[{"href":"https:\/\/manualegd.comune.sangiulianoterme.pisa.it\/index.php?rest_route=\/wp\/v2\/pages\/1662","targetHints":{"allow":["GET"]}}],"collection":[{"href":"https:\/\/manualegd.comune.sangiulianoterme.pisa.it\/index.php?rest_route=\/wp\/v2\/pages"}],"about":[{"href":"https:\/\/manualegd.comune.sangiulianoterme.pisa.it\/index.php?rest_route=\/wp\/v2\/types\/page"}],"author":[{"embeddable":true,"href":"https:\/\/manualegd.comune.sangiulianoterme.pisa.it\/index.php?rest_route=\/wp\/v2\/users\/1"}],"replies":[{"embeddable":true,"href":"https:\/\/manualegd.comune.sangiulianoterme.pisa.it\/index.php?rest_route=%2Fwp%2Fv2%2Fcomments&post=1662"}],"version-history":[{"count":0,"href":"https:\/\/manualegd.comune.sangiulianoterme.pisa.it\/index.php?rest_route=\/wp\/v2\/pages\/1662\/revisions"}],"up":[{"embeddable":true,"href":"https:\/\/manualegd.comune.sangiulianoterme.pisa.it\/index.php?rest_route=\/wp\/v2\/pages\/375"}],"wp:attachment":[{"href":"https:\/\/manualegd.comune.sangiulianoterme.pisa.it\/index.php?rest_route=%2Fwp%2Fv2%2Fmedia&parent=1662"}],"curies":[{"name":"wp","href":"https:\/\/api.w.org\/{rel}","templated":true}]}}