{"id":163,"date":"2022-03-14T09:27:17","date_gmt":"2022-03-14T08:27:17","guid":{"rendered":"https:\/\/ridice.eu\/?page_id=163"},"modified":"2023-05-02T11:42:32","modified_gmt":"2023-05-02T09:42:32","slug":"ruoli-e-responsabilita","status":"publish","type":"page","link":"https:\/\/manualegd.comune.sangiulianoterme.pisa.it\/?page_id=163","title":{"rendered":"Ruoli e responsabilit\u00e0"},"content":{"rendered":"\n<h3 class=\"wp-block-heading\">Responsabile della gestione documentale (RGD)<\/h3>\n\n\n\n<p>Il responsabile della gestione documentale <sup>(<a rel=\"noreferrer noopener\" href=\"https:\/\/www.agid.gov.it\/sites\/default\/files\/repository_files\/linee_guida_sul_documento_informatico.pdf#page=24\" data-type=\"URL\" data-id=\"https:\/\/www.agid.gov.it\/sites\/default\/files\/repository_files\/linee_guida_sul_documento_informatico.pdf#page=24\" target=\"_blank\">1<\/a>)<\/sup> il dirigente o il funzionario, in possesso di idonei requisiti professionali o di professionalit\u00e0 tecnico-archivistica ed incaricato con <a href=\"https:\/\/manualegd.comune.sangiulianoterme.pisa.it\/?page_id=1207\" data-type=\"URL\" target=\"_blank\" rel=\"noreferrer noopener\">apposito atto<\/a>, preposto a:<\/p>\n\n\n\n<ul class=\"wp-block-list\">\n<li>predisporre e aggiornare il <a href=\"https:\/\/manualegd.comune.sangiulianoterme.pisa.it\/?page_id=1294\" data-type=\"URL\" target=\"_blank\" rel=\"noreferrer noopener\">manuale di gestione documentale<\/a>, previa intesa con il RCD, il RTD e parere del DPO<\/li>\n\n\n\n<li>predisporre il <a href=\"https:\/\/manualegd.comune.sangiulianoterme.pisa.it\/?page_id=167\">piano di sicurezza informatica<\/a>, in collaborazione con il RSI, il RCD e il DPO<\/li>\n\n\n\n<li>definire, anche su proposta del SGIP, i criteri di <a href=\"https:\/\/manualegd.comune.sangiulianoterme.pisa.it\/?page_id=702\" data-type=\"URL\" target=\"_blank\" rel=\"noreferrer noopener\">classificazione<\/a>, <a href=\"https:\/\/manualegd.comune.sangiulianoterme.pisa.it\/?page_id=98\" data-type=\"URL\" target=\"_blank\" rel=\"noreferrer noopener\">gestione<\/a> e <a href=\"https:\/\/manualegd.comune.sangiulianoterme.pisa.it\/?page_id=1190\" data-type=\"URL\" target=\"_blank\" rel=\"noreferrer noopener\">archiviazione<\/a> dei documenti, nonch\u00e9 gli <a href=\"https:\/\/manualegd.comune.sangiulianoterme.pisa.it\/?page_id=396\" data-type=\"URL\" target=\"_blank\" rel=\"noreferrer noopener\">strumenti e delle modalit\u00e0 di scambio<\/a> interni ed esterni alla AOO<\/li>\n\n\n\n<li>monitorare e sovraintendere ai processi di <strong>gestione documentale<\/strong><\/li>\n\n\n\n<li>sovrintendere alla corretta <a href=\"https:\/\/manualegd.comune.sangiulianoterme.pisa.it\/?page_id=349\" data-type=\"URL\" target=\"_blank\" rel=\"noreferrer noopener\">formazione e trasferimento<\/a> al sistema di conservazione dei <a href=\"https:\/\/manualegd.comune.sangiulianoterme.pisa.it\/?page_id=1264\" data-type=\"URL\">pacchetti di versamento<\/a>, nel rispetto delle modalit\u00e0 operative stabilite dal <a href=\"https:\/\/manualegd.comune.sangiulianoterme.pisa.it\/?page_id=1204\" data-type=\"URL\" target=\"_blank\" rel=\"noreferrer noopener\">manuale di conservazione<\/a><\/li>\n\n\n\n<li>verificare l&#8217;avvenuta <a href=\"https:\/\/manualegd.comune.sangiulianoterme.pisa.it\/?page_id=202\" data-type=\"URL\" target=\"_blank\" rel=\"noreferrer noopener\">eliminazione dei protocolli<\/a> di settore, dei protocolli multipli e, pi\u00f9 in generale, dei protocolli diversi dal protocollo informatico<\/li>\n<\/ul>\n\n\n\n<p>Il RGD, conservando la piena responsabilit\u00e0 in merito alle funzioni cui \u00e8 preposto, pu\u00f2 delegare lo svolgimento di specifici compiti al personale soggetto alla propria direzione<\/p>\n\n\n\n<div style=\"height:20px\" aria-hidden=\"true\" class=\"wp-block-spacer\"><\/div>\n\n\n\n<h3 class=\"wp-block-heading\">Responsabile della conservazione documentale (RCD)<\/h3>\n\n\n\n<p>Il responsabile della conservazione documentale <sup>(<a rel=\"noreferrer noopener\" href=\"https:\/\/www.agid.gov.it\/sites\/default\/files\/repository_files\/linee_guida_sul_documento_informatico.pdf#page=33\" data-type=\"URL\" data-id=\"https:\/\/www.agid.gov.it\/sites\/default\/files\/repository_files\/linee_guida_sul_documento_informatico.pdf#page=33\" target=\"_blank\">2<\/a>)<\/sup> \u00e8 il dirigente o il funzionario che, in base ad <a href=\"https:\/\/manualegd.comune.sangiulianoterme.pisa.it\/?page_id=1207\" data-type=\"URL\" target=\"_blank\" rel=\"noreferrer noopener\">apposito atto<\/a> di nomina, definisce e attua le <strong>politiche complessive<\/strong> del <strong>sistema di conservazione<\/strong> e ne governa la gestione, con piena responsabilit\u00e0 e autonomia, operando secondo modelli definiti e logicamente distinti dal sistema di gestione informatica dei documenti<br>Il RCD &#8211; che pu\u00f2 coincidere con il RGD &#8211; opera d\u2019intesa con il DPO, il RSI ed il RGD<\/p>\n\n\n\n<p>Al RCD fanno capo gli specifici compiti, illustrati nelle pagine dedicate al <a href=\"https:\/\/manualegd.comune.sangiulianoterme.pisa.it\/?page_id=1262\" data-type=\"URL\" target=\"_blank\" rel=\"noreferrer noopener\">Sistema di conservazione<\/a><\/p>\n\n\n\n<p>Ferma restando la responsabilit\u00e0 giuridica generale sui processi di conservazione e il dovere di condurre le necessarie attivit\u00e0 di verifica e controllo previste dalle norme vigenti per i processi in <em>outsourcing<\/em>, il RCD si avvale, per l&#8217;esercizio di alcune funzioni esplicitamente individuate dall&#8217;<a href=\"https:\/\/www.regione.toscana.it\/documents\/10180\/13766808\/DigiDoc%20-%20Accordo%20di%20Servizio%20Enti%20v.%204.0\/a87696b6-7fc0-7f56-fc67-740c0fe2fc5a#page=9\" data-type=\"URL\" data-id=\"https:\/\/www.regione.toscana.it\/documents\/10180\/13766808\/DigiDoc%20-%20Accordo%20di%20Servizio%20Enti%20v.%204.0\/a87696b6-7fc0-7f56-fc67-740c0fe2fc5a#page=9\" target=\"_blank\" rel=\"noreferrer noopener\">accordo di servizio<\/a> e dal <a rel=\"noreferrer noopener\" href=\"https:\/\/www.regione.toscana.it\/documents\/10180\/13766808\/Manuale%20di%20Conservazione%204.0\/c44e6bbb-b036-95e6-0edf-4209505b2377#page=57\" data-type=\"URL\" data-id=\"https:\/\/www.regione.toscana.it\/documents\/10180\/13766808\/Manuale%20di%20Conservazione%204.0\/c44e6bbb-b036-95e6-0edf-4209505b2377#page=57\" target=\"_blank\">manuale del conservatore<\/a>, della collaborazione del responsabile del servizio di conservazione esterno.<\/p>\n\n\n\n<p>Il <a href=\"https:\/\/manualegd.comune.sangiulianoterme.pisa.it\/?page_id=1268\" data-type=\"URL\" target=\"_blank\" rel=\"noreferrer noopener\">processo di conservazione<\/a> prevede ulteriori ruoli e responsabilit\u00e0<\/p>\n\n\n\n<div style=\"height:20px\" aria-hidden=\"true\" class=\"wp-block-spacer\"><\/div>\n\n\n\n<h3 class=\"wp-block-heading\">Responsabile del servizio di conservazione (RSC)<\/h3>\n\n\n\n<p>La AOO, al fine di assolvere correttamente l\u2019esigenza di assicurare la conformit\u00e0 agli originali dei documenti conservati, nonch\u00e9 la qualit\u00e0 e la sicurezza del sistema di conservazione, si avvale del&nbsp;<a rel=\"noreferrer noopener\" href=\"https:\/\/www.regione.toscana.it\/-\/dax-infrastruttura-per-la-conservazione-a-norma-dei-documenti-informatici\" target=\"_blank\">servizio di conservazione a norma DAX<\/a> della Regione Toscana<\/p>\n\n\n\n<p>In questo quadro, il responsabile del servizio di conservazione <sup>(<a href=\"https:\/\/www.agid.gov.it\/sites\/default\/files\/repository_files\/linee_guida_sul_documento_informatico.pdf#page=34\" data-type=\"URL\" data-id=\"https:\/\/www.agid.gov.it\/sites\/default\/files\/repository_files\/linee_guida_sul_documento_informatico.pdf#page=34\" target=\"_blank\" rel=\"noreferrer noopener\">3<\/a>)<\/sup> svolge le attivit\u00e0 riconducibili al RCD, ad esclusione della predisposizione e aggiornamento del manuale di conservazione documentale. Rimane comunque ferma la responsabilit\u00e0 giuridica generale del RCD in ordine ai processi di conservazione e alle necessarie attivit\u00e0 di verifica e controllo sul servizio <em>in outsourcing<\/em><\/p>\n\n\n\n<div style=\"height:20px\" aria-hidden=\"true\" class=\"wp-block-spacer\"><\/div>\n\n\n\n<h3 class=\"wp-block-heading\">Referente tecnico per il soggetto produttore (RT)<\/h3>\n\n\n\n<p>Opera nell&#8217;ambito del <a href=\"https:\/\/manualegd.comune.sangiulianoterme.pisa.it\/?page_id=1268\" data-type=\"URL\" target=\"_blank\" rel=\"noreferrer noopener\">processo di conservazione<\/a> con il compito di presidiare alle attivit\u00e0 infrastrutturali e di concordare e sottoscrivere con il conservatore esterno gli allegati tecnici dell\u2019accordo di servizio<\/p>\n\n\n\n<div style=\"height:20px\" aria-hidden=\"true\" class=\"wp-block-spacer\"><\/div>\n\n\n\n<h3 class=\"wp-block-heading\">Responsabile dei servizi informativi (RSI)<\/h3>\n\n\n\n<p>Il responsabile dei servizi informativi presiede al corretto funzionamento ed alla sicurezza dell&#8217;insieme delle risorse di calcolo, delle reti di comunicazione e dei prodotti informatici utilizzati dalla AOO per la gestione documentale<\/p>\n\n\n\n<p>Il RSI coadiuva il RGD, il RCD e il responsabile del servizio archivio e protocollo all&#8217;implementazione delle misure tecniche poste a controllo degli accessi &#8211; differenziati in rapporto alle diverse prerogative degli operatori &#8211; al sistema informatico di gestione documentale<\/p>\n\n\n\n<div style=\"height:20px\" aria-hidden=\"true\" class=\"wp-block-spacer\"><\/div>\n\n\n\n<h3 class=\"wp-block-heading\">Responsabile del servizio archivio e protocollo (RAP)<\/h3>\n\n\n\n<p>Il responsabile del servizio archivio e protocollo si occupa della tenuta del sistema di gestione analogica e informatica dei documenti, dei flussi documentali, del protocollo e degli archivi. Alla sua figura sono ricondotti i <a href=\"https:\/\/manualegd.comune.sangiulianoterme.pisa.it\/?page_id=120\" data-type=\"URL\">compiti specificamente individuati<\/a> dal presente manuale<\/p>\n\n\n\n<div style=\"height:20px\" aria-hidden=\"true\" class=\"wp-block-spacer\"><\/div>\n\n\n\n<h3 class=\"wp-block-heading\" id=\"dpo\">Responsabile della protezione dati (DPO)<\/h3>\n\n\n\n<p>Il titolare ha designato, con <a href=\"https:\/\/manualegd.comune.sangiulianoterme.pisa.it\/?page_id=1207\" data-type=\"URL\" target=\"_blank\" rel=\"noreferrer noopener\">apposito atto di nomina<\/a>, il responsabile della protezione dati, in conformit\u00e0 a quanto stabilito dal GDPR <sup>(<a rel=\"noreferrer noopener\" href=\"https:\/\/eur-lex.europa.eu\/legal-content\/IT\/TXT\/HTML\/?uri=CELEX:32016R0679&amp;from=IT#d1e3739-1-1\" data-type=\"URL\" data-id=\"https:\/\/eur-lex.europa.eu\/legal-content\/IT\/TXT\/HTML\/?uri=CELEX:32016R0679&amp;from=IT#d1e3739-1-1\" target=\"_blank\">4<\/a>)<\/sup>, cui spetta &#8211; in sintesi &#8211; l&#8217;espletamento di compiti d&#8217;informazione e consulenza del titolare e dei dipendenti, di sorveglianza circa l&#8217;osservanza della normativa in materia di protezione dati, di cooperazione e collaborazione con l&#8217;autorit\u00e0 di controllo.<\/p>\n\n\n\n<p>Il DPO \u00e8 tempestivamente e adeguatamente coinvolto in tutte le questioni implicanti la protezione dei dati personali ed \u00e8 dotato delle risorse e dell&#8217;autonomia indispensabili ad assolvere con rigore i propri compiti, condotti tenendo sempre in debita considerazione i rischi connessi al trattamento dei dati personali<\/p>\n\n\n\n<p>Il DPO \u00e8 reperibile al seguente indirizzo PEO: <a rel=\"noreferrer noopener\" href=\"mailto:responsabileprotezionedati@comune.sangiulianoterme.pisa.it\" target=\"_blank\">responsabileprotezionedati@comune.sangiulianoterme.pisa.it<\/a><\/p>\n\n\n\n<div style=\"height:100px\" aria-hidden=\"true\" class=\"wp-block-spacer\"><\/div>\n\n\n<div\n\t\t\t\n\t\t\tclass=\"so-widget-sow-accordion so-widget-sow-accordion-default-0cbe2f692174\"\n\t\t\t\n\t\t><div>\n\t<div class=\"sow-accordion\">\n\t\t\t<div class=\"sow-accordion-panel\n\t\t\t\t\t\"\n\t\t\t\tdata-anchor-id=\"riferimenti-normativi\">\n\t\t\t\t\t<div class=\"sow-accordion-panel-header-container\" role=\"heading\" aria-level=\"2\">\n\t\t\t\t\t<div class=\"sow-accordion-panel-header\" tabindex=\"0\" role=\"button\" id=\"accordion-label-riferimenti-normativi\" aria-controls=\"accordion-content-riferimenti-normativi\" aria-expanded=\"false\">\n\t\t\t\t\t\t<div class=\"sow-accordion-title sow-accordion-title-icon-left\">\n\t\t\t\t\t\t\t\t\t\t\t\t\t\tRiferimenti normativi\t\t\t\t\t\t\t\t\t\t\t\t\t<\/div>\n\t\t\t\t\t\t<div class=\"sow-accordion-open-close-button\">\n\t\t\t\t\t\t\t<div class=\"sow-accordion-open-button\">\n\t\t\t\t\t\t\t\t<span class=\"sow-icon-ionicons\" data-sow-icon=\"&#xf218;\"\n\t\t \n\t\taria-hidden=\"true\"><\/span>\t\t\t\t\t\t\t<\/div>\n\t\t\t\t\t\t\t<div class=\"sow-accordion-close-button\">\n\t\t\t\t\t\t\t\t<span class=\"sow-icon-ionicons\" data-sow-icon=\"&#xf209;\"\n\t\t \n\t\taria-hidden=\"true\"><\/span>\t\t\t\t\t\t\t<\/div>\n\t\t\t\t\t\t<\/div>\n\t\t\t\t\t<\/div>\n\t\t\t\t<\/div>\n\n\t\t\t<div\n\t\t\t\tclass=\"sow-accordion-panel-content\"\n\t\t\t\trole=\"region\"\n\t\t\t\taria-labelledby=\"accordion-label-riferimenti-normativi\"\n\t\t\t\tid=\"accordion-content-riferimenti-normativi\"\n\t\t\t\tstyle=\"display: none;\"\t\t\t>\n\t\t\t\t<div class=\"sow-accordion-panel-border\">\n\t\t\t\t\t<p>(1) <a href=\"https:\/\/www.agid.gov.it\/sites\/default\/files\/repository_files\/linee_guida_sul_documento_informatico.pdf#page=24\" target=\"_blank\" rel=\"noopener\">paragrafo 3.4 delle Linee Guida sulla formazione, gestione e conservazione dei documenti informatici<\/a><\/p>\n<p>(2) <a href=\"https:\/\/www.agid.gov.it\/sites\/default\/files\/repository_files\/linee_guida_sul_documento_informatico.pdf#page=33\" target=\"_blank\" rel=\"noopener\">paragrafo 4.5 delle Linee Guida sulla formazione, gestione e conservazione dei documenti informatici<\/a><\/p>\n<p>(3) <a href=\"https:\/\/www.agid.gov.it\/sites\/default\/files\/repository_files\/linee_guida_sul_documento_informatico.pdf#page=34\" target=\"_blank\" rel=\"noopener\">paragrafo 4.5, penultimo capoverso, delle Linee Guida sulla formazione, gestione e conservazione dei documenti informatici<\/a><\/p>\n<p>(4) <a href=\"https:\/\/eur-lex.europa.eu\/legal-content\/IT\/TXT\/HTML\/?uri=CELEX:32016R0679&amp;from=IT#d1e3836-1-1\" target=\"_blank\" rel=\"noopener\">art. 39 REGOLAMENTO (UE) 2016\/679 DEL PARLAMENTO EUROPEO E DEL CONSIGLIO del 27 aprile 2016<\/a><\/p>\n\t\t\t\t<\/div>\n\t\t\t<\/div>\n\t\t<\/div>\n\t\t<\/div>\n<\/div>\n<\/div>","protected":false},"excerpt":{"rendered":"<p>Responsabile della gestione documentale (RGD) Il responsabile della gestione documentale (1) il dirigente o il funzionario, in possesso di idonei requisiti professionali o di professionalit\u00e0 &#8230; <\/p>\n","protected":false},"author":1,"featured_media":0,"parent":122,"menu_order":4,"comment_status":"closed","ping_status":"closed","template":"page-fullwidth.php","meta":{"footnotes":""},"class_list":["post-163","page","type-page","status-publish","hentry"],"_links":{"self":[{"href":"https:\/\/manualegd.comune.sangiulianoterme.pisa.it\/index.php?rest_route=\/wp\/v2\/pages\/163","targetHints":{"allow":["GET"]}}],"collection":[{"href":"https:\/\/manualegd.comune.sangiulianoterme.pisa.it\/index.php?rest_route=\/wp\/v2\/pages"}],"about":[{"href":"https:\/\/manualegd.comune.sangiulianoterme.pisa.it\/index.php?rest_route=\/wp\/v2\/types\/page"}],"author":[{"embeddable":true,"href":"https:\/\/manualegd.comune.sangiulianoterme.pisa.it\/index.php?rest_route=\/wp\/v2\/users\/1"}],"replies":[{"embeddable":true,"href":"https:\/\/manualegd.comune.sangiulianoterme.pisa.it\/index.php?rest_route=%2Fwp%2Fv2%2Fcomments&post=163"}],"version-history":[{"count":0,"href":"https:\/\/manualegd.comune.sangiulianoterme.pisa.it\/index.php?rest_route=\/wp\/v2\/pages\/163\/revisions"}],"up":[{"embeddable":true,"href":"https:\/\/manualegd.comune.sangiulianoterme.pisa.it\/index.php?rest_route=\/wp\/v2\/pages\/122"}],"wp:attachment":[{"href":"https:\/\/manualegd.comune.sangiulianoterme.pisa.it\/index.php?rest_route=%2Fwp%2Fv2%2Fmedia&parent=163"}],"curies":[{"name":"wp","href":"https:\/\/api.w.org\/{rel}","templated":true}]}}