{"id":1262,"date":"2022-05-30T13:28:25","date_gmt":"2022-05-30T11:28:25","guid":{"rendered":"https:\/\/ridice.eu\/?page_id=1262"},"modified":"2023-05-02T13:03:46","modified_gmt":"2023-05-02T11:03:46","slug":"sistema-di-conservazione","status":"publish","type":"page","link":"https:\/\/manualegd.comune.sangiulianoterme.pisa.it\/?page_id=1262","title":{"rendered":"Sistema di conservazione digitale"},"content":{"rendered":"\n<p>Il sistema di conservazione digitale pu\u00f2 essere definito come il complesso di <strong>regole<\/strong>, <strong>procedure<\/strong> e <strong>tecnologie<\/strong> &#8211; logicamente distinto dal <a rel=\"noreferrer noopener\" href=\"https:\/\/ridice.eu\/?page_id=120\" data-type=\"URL\" data-id=\"https:\/\/ridice.eu\/?page_id=120\" target=\"_blank\">sistema infor<\/a><a href=\"https:\/\/manualegd.comune.sangiulianoterme.pisa.it\/?page_id=120\" data-type=\"URL\" data-id=\"https:\/\/ridice.eu\/?page_id=120\" target=\"_blank\" rel=\"noreferrer noopener\">matico di gestione documentale<\/a> &#8211; capace di <strong>garantire nel tempo<\/strong> autenticit\u00e0, integrit\u00e0, affidabilit\u00e0, leggibilit\u00e0 e reperibilit\u00e0 dei documenti, delle aggragazioni documentali e degli archivi della AOO<\/p>\n\n\n\n<p>A tale fine, il sistema di conservazione deve poter garantire l&#8217;<a rel=\"noreferrer noopener\" href=\"https:\/\/ridice.eu\/?page_id=1264\" data-type=\"URL\" data-id=\"https:\/\/ridice.eu\/?page_id=1264\" target=\"_blank\">accesso<\/a><a href=\"https:\/\/manualegd.comune.sangiulianoterme.pisa.it\/?page_id=1264\" data-type=\"URL\" data-id=\"https:\/\/ridice.eu\/?page_id=1264\" target=\"_blank\" rel=\"noreferrer noopener\"> <\/a><a rel=\"noreferrer noopener\" href=\"https:\/\/ridice.eu\/?page_id=1264\" data-type=\"URL\" data-id=\"https:\/\/ridice.eu\/?page_id=1264\" target=\"_blank\">agli oggetti conservati<\/a> per tutto il tempo previsto dal <a href=\"https:\/\/manualegd.comune.sangiulianoterme.pisa.it\/?page_id=356\" data-type=\"URL\" data-id=\"https:\/\/ridice.eu\/?page_id=356\" target=\"_blank\" rel=\"noreferrer noopener\">Piano di conservazione<\/a> e dalla normativa, indipendentemente dall&#8217;evoluzione del contesto tecnologico <sup>(<a rel=\"noreferrer noopener\" href=\"https:\/\/www.normattiva.it\/uri-res\/N2Ls?urn:nir:stato:2004-01-22;42~art20\" data-type=\"URL\" data-id=\"https:\/\/www.normattiva.it\/uri-res\/N2Ls?urn:nir:stato:2004-01-22;42~art20\" target=\"_blank\">1<\/a>)<\/sup><\/p>\n\n\n\n<p>Il sistema di conservazione vede la partecipazione di una pluralit\u00e0 di figure e di ruoli. L&#8217;interazione di queste stesse figure e ruoli \u00e8 definita <a href=\"https:\/\/manualegd.comune.sangiulianoterme.pisa.it\/?page_id=1268\" data-type=\"URL\" data-id=\"https:\/\/ridice.eu\/?page_id=1268\" target=\"_blank\" rel=\"noreferrer noopener\">processo di conservazione<\/a><\/p>\n\n\n\n<div style=\"height:100px\" aria-hidden=\"true\" class=\"wp-block-spacer\"><\/div>\n\n\n<div\n\t\t\t\n\t\t\tclass=\"so-widget-sow-accordion so-widget-sow-accordion-default-0cbe2f692174\"\n\t\t\t\n\t\t><div>\n\t<div class=\"sow-accordion\">\n\t\t\t<div class=\"sow-accordion-panel\n\t\t\t\t\t\"\n\t\t\t\tdata-anchor-id=\"riferimenti-normativi\">\n\t\t\t\t\t<div class=\"sow-accordion-panel-header-container\" role=\"heading\" aria-level=\"2\">\n\t\t\t\t\t<div class=\"sow-accordion-panel-header\" tabindex=\"0\" role=\"button\" id=\"accordion-label-riferimenti-normativi\" aria-controls=\"accordion-content-riferimenti-normativi\" aria-expanded=\"false\">\n\t\t\t\t\t\t<div class=\"sow-accordion-title sow-accordion-title-icon-left\">\n\t\t\t\t\t\t\t\t\t\t\t\t\t\tRiferimenti normativi\t\t\t\t\t\t\t\t\t\t\t\t\t<\/div>\n\t\t\t\t\t\t<div class=\"sow-accordion-open-close-button\">\n\t\t\t\t\t\t\t<div class=\"sow-accordion-open-button\">\n\t\t\t\t\t\t\t\t<span class=\"sow-icon-ionicons\" data-sow-icon=\"&#xf218;\"\n\t\t \n\t\taria-hidden=\"true\"><\/span>\t\t\t\t\t\t\t<\/div>\n\t\t\t\t\t\t\t<div class=\"sow-accordion-close-button\">\n\t\t\t\t\t\t\t\t<span class=\"sow-icon-ionicons\" data-sow-icon=\"&#xf209;\"\n\t\t \n\t\taria-hidden=\"true\"><\/span>\t\t\t\t\t\t\t<\/div>\n\t\t\t\t\t\t<\/div>\n\t\t\t\t\t<\/div>\n\t\t\t\t<\/div>\n\n\t\t\t<div\n\t\t\t\tclass=\"sow-accordion-panel-content\"\n\t\t\t\trole=\"region\"\n\t\t\t\taria-labelledby=\"accordion-label-riferimenti-normativi\"\n\t\t\t\tid=\"accordion-content-riferimenti-normativi\"\n\t\t\t\tstyle=\"display: none;\"\t\t\t>\n\t\t\t\t<div class=\"sow-accordion-panel-border\">\n\t\t\t\t\t<p>(1) <a href=\"https:\/\/www.normattiva.it\/uri-res\/N2Ls?urn:nir:stato:decreto.legislativo:2004-01-22;42~art20\" target=\"_blank\" rel=\"noopener\">art. 20 del Decreto Legislativo 22 gennaio 2004, n. 42<\/a><\/p>\n\t\t\t\t<\/div>\n\t\t\t<\/div>\n\t\t<\/div>\n\t\t<\/div>\n<\/div>\n<\/div>","protected":false},"excerpt":{"rendered":"<p>Il sistema di conservazione digitale pu\u00f2 essere definito come il complesso di regole, procedure e tecnologie &#8211; logicamente distinto dal sistema informatico di gestione documentale &#8230; <\/p>\n","protected":false},"author":1,"featured_media":0,"parent":110,"menu_order":50,"comment_status":"closed","ping_status":"closed","template":"page-fullwidth.php","meta":{"footnotes":""},"class_list":["post-1262","page","type-page","status-publish","hentry"],"_links":{"self":[{"href":"https:\/\/manualegd.comune.sangiulianoterme.pisa.it\/index.php?rest_route=\/wp\/v2\/pages\/1262","targetHints":{"allow":["GET"]}}],"collection":[{"href":"https:\/\/manualegd.comune.sangiulianoterme.pisa.it\/index.php?rest_route=\/wp\/v2\/pages"}],"about":[{"href":"https:\/\/manualegd.comune.sangiulianoterme.pisa.it\/index.php?rest_route=\/wp\/v2\/types\/page"}],"author":[{"embeddable":true,"href":"https:\/\/manualegd.comune.sangiulianoterme.pisa.it\/index.php?rest_route=\/wp\/v2\/users\/1"}],"replies":[{"embeddable":true,"href":"https:\/\/manualegd.comune.sangiulianoterme.pisa.it\/index.php?rest_route=%2Fwp%2Fv2%2Fcomments&post=1262"}],"version-history":[{"count":0,"href":"https:\/\/manualegd.comune.sangiulianoterme.pisa.it\/index.php?rest_route=\/wp\/v2\/pages\/1262\/revisions"}],"up":[{"embeddable":true,"href":"https:\/\/manualegd.comune.sangiulianoterme.pisa.it\/index.php?rest_route=\/wp\/v2\/pages\/110"}],"wp:attachment":[{"href":"https:\/\/manualegd.comune.sangiulianoterme.pisa.it\/index.php?rest_route=%2Fwp%2Fv2%2Fmedia&parent=1262"}],"curies":[{"name":"wp","href":"https:\/\/api.w.org\/{rel}","templated":true}]}}